{"id":78,"date":"2018-04-09T17:27:08","date_gmt":"2018-04-09T15:27:08","guid":{"rendered":"http:\/\/wizzviz.com\/?page_id=78"},"modified":"2018-04-30T08:06:12","modified_gmt":"2018-04-30T06:06:12","slug":"xxxx","status":"publish","type":"page","link":"https:\/\/wizzviz.com\/index.php\/xxxx\/","title":{"rendered":"DATAVIZ \/ MISE EN SC\u00c8NE DES DONN\u00c9ES"},"content":{"rendered":"<p>La <em><strong>DATAVIZ<\/strong> <\/em>vous sert \u00e0 explorer les donn\u00e9es, \u00e0 les analyser, \u00e0 les suivre&#8230; mais pour <strong>communiquer<\/strong> les conclusions que vous tirez de vos analyses, pour les <strong>promouvoir<\/strong>, les <strong>valoriser<\/strong> (et accessoirement <strong>vous valoriser<\/strong> !!!), pour <strong>captiver<\/strong> votre auditoire et l\u2019<strong>engager<\/strong> dans les <strong>actions<\/strong> que vous pr\u00e9conisez, \u00a0pour <strong>convaincre<\/strong> vos interlocuteurs, vous n&rsquo;utiliserez pas forc\u00e9ment les m\u00eames repr\u00e9sentations que celle(s) vous ayant servi \u00e0 explorer et analyser vos donn\u00e9es.<\/p>\n<p>La <em><strong>DATAVIZ<\/strong> <\/em>non plus seulement pour aider \u00e0 d\u00e9couvrir et \u00e0 explorer les donn\u00e9es, non plus seulement pour analyser les donn\u00e9es, non plus seulement pour monitorer l&rsquo;activit\u00e9, mais <strong>au service de la mise en sc\u00e8ne des donn\u00e9es<\/strong> !<\/p>\n","protected":false},"excerpt":{"rendered":"<p>La DATAVIZ vous sert \u00e0 explorer les donn\u00e9es, \u00e0 les analyser, \u00e0 les suivre&#8230; mais pour communiquer les conclusions que vous tirez de vos analyses, pour les promouvoir, les valoriser (et accessoirement vous valoriser !!!), pour captiver votre auditoire et l\u2019engager dans les actions que vous pr\u00e9conisez, \u00a0pour convaincre vos interlocuteurs, vous n&rsquo;utiliserez pas forc\u00e9ment &hellip; <\/p>\n<p class=\"link-more\"><a href=\"https:\/\/wizzviz.com\/index.php\/xxxx\/\" class=\"more-link\">Continuer la lecture<span class=\"screen-reader-text\"> de &laquo;&nbsp;DATAVIZ \/ MISE EN SC\u00c8NE DES DONN\u00c9ES&nbsp;&raquo;<\/span><\/a><\/p>\n","protected":false},"author":1,"featured_media":81,"parent":0,"menu_order":0,"comment_status":"closed","ping_status":"closed","template":"","meta":{"footnotes":""},"class_list":["post-78","page","type-page","status-publish","has-post-thumbnail","hentry"],"_links":{"self":[{"href":"https:\/\/wizzviz.com\/index.php\/wp-json\/wp\/v2\/pages\/78","targetHints":{"allow":["GET"]}}],"collection":[{"href":"https:\/\/wizzviz.com\/index.php\/wp-json\/wp\/v2\/pages"}],"about":[{"href":"https:\/\/wizzviz.com\/index.php\/wp-json\/wp\/v2\/types\/page"}],"author":[{"embeddable":true,"href":"https:\/\/wizzviz.com\/index.php\/wp-json\/wp\/v2\/users\/1"}],"replies":[{"embeddable":true,"href":"https:\/\/wizzviz.com\/index.php\/wp-json\/wp\/v2\/comments?post=78"}],"version-history":[{"count":12,"href":"https:\/\/wizzviz.com\/index.php\/wp-json\/wp\/v2\/pages\/78\/revisions"}],"predecessor-version":[{"id":162,"href":"https:\/\/wizzviz.com\/index.php\/wp-json\/wp\/v2\/pages\/78\/revisions\/162"}],"wp:featuredmedia":[{"embeddable":true,"href":"https:\/\/wizzviz.com\/index.php\/wp-json\/wp\/v2\/media\/81"}],"wp:attachment":[{"href":"https:\/\/wizzviz.com\/index.php\/wp-json\/wp\/v2\/media?parent=78"}],"curies":[{"name":"wp","href":"https:\/\/api.w.org\/{rel}","templated":true}]}}